{"id":22532,"date":"2019-06-13T09:14:24","date_gmt":"2019-06-13T09:14:24","guid":{"rendered":"http:\/\/www.gromic.eu\/summer-tour\/"},"modified":"2019-09-04T20:16:55","modified_gmt":"2019-09-04T20:16:55","slug":"summer-tour","status":"publish","type":"page","link":"https:\/\/www.gromic.eu\/ca\/summer-tour\/","title":{"rendered":"Gira d&#8217; Estiu"},"content":{"rendered":"<div class=\"fusion-fullwidth fullwidth-box fusion-builder-row-1 nonhundred-percent-fullwidth non-hundred-percent-height-scrolling\" style=\"--awb-border-radius-top-left:0px;--awb-border-radius-top-right:0px;--awb-border-radius-bottom-right:0px;--awb-border-radius-bottom-left:0px;--awb-flex-wrap:wrap;\" ><div class=\"fusion-builder-row fusion-row\"><div class=\"fusion-layout-column fusion_builder_column fusion-builder-column-0 fusion_builder_column_1_1 1_1 fusion-one-full fusion-column-first fusion-column-last\" style=\"--awb-bg-size:cover;\"><div class=\"fusion-column-wrapper fusion-column-has-shadow fusion-flex-column-wrapper-legacy\"><div class=\"fusion-text fusion-text-1\"><h1 style=\"text-align: center;\">Gira d&#8217;Estiu 2019<\/h1>\n<h2><strong>Junio<\/strong><\/h2>\n<ul>\n<li>15-\u00a0<strong>Festival Diabolo &#8211;\u00a0<\/strong>Morges\u00a0(Suiza) \u2013 12:45 + 15:00<\/li>\n<li>16-\u00a0<strong>Festival Diabolo &#8211;\u00a0<\/strong>Morges\u00a0(Suiza) &#8211; 12:45 + 15:00<\/li>\n<li>23-\u00a0<strong>Festival N\u00e9ofolies<\/strong>\u00a0\u2013 Neuves-Maisons (Francia) -14:30 + 17:00<\/li>\n<li>28-\u00a0<strong>\u00c9v\u00e8nement priv\u00e9<\/strong>\u00a0&#8211; De Haan-(B\u00e9lgica) &#8211; 14:30<\/li>\n<li>30-\u00a0<strong>Festival Clownmania<\/strong>\u00a0-Genappe-(B\u00e9lgica) -18:00<\/li>\n<\/ul>\n<h2><strong>Julio<\/strong><\/h2>\n<ul>\n<li>08-\u00a0<strong>Festival Place aux M\u00f4mes<\/strong>\u00a0-Plouescat (Francia) -18:00<\/li>\n<li>09-\u00a0<strong>Festival Place aux M\u00f4mes\u00a0<\/strong>&#8211; Fouesnant (Francia) -18:30<\/li>\n<li>10-\u00a0<strong>Festival Place aux M\u00f4mes\u00a0<\/strong>&#8211; N\u00e9vez (Francia) -18:00<\/li>\n<li>11-\u00a0<strong>Festival Place aux M\u00f4mes\u00a0<\/strong>&#8211; Saint Quay (Francia) -17:30<\/li>\n<li>12-\u00a0<strong>Festival Place aux M\u00f4mes\u00a0<\/strong>&#8211; Erquy (Francia) -16:30<\/li>\n<li>15-\u00a0<strong>Festival Place aux M\u00f4mes\u00a0<\/strong>&#8211; Tr\u00e9beurden (Francia) -:18:00<\/li>\n<li>16-\u00a0<strong>Festival Place aux M\u00f4mes\u00a0<\/strong>&#8211; Le Guilvinec (Francia) -17:30<\/li>\n<li>17-\u00a0<strong>Festival Place aux M\u00f4mes\u00a0<\/strong>&#8211; Roscoff (Francia) -18:00<\/li>\n<li>18-\u00a0<strong>Festival Place aux M\u00f4mes\u00a0<\/strong>&#8211; Carantec (Francia) -18:30<\/li>\n<li>22-\u00a0<strong>Festival Place aux M\u00f4mes &#8211;<\/strong>\u00a0P\u00e9nestin (Francia) -18:00<\/li>\n<li>23-\u00a0<strong>Festival Place aux M\u00f4mes\u00a0<\/strong>&#8211; Carnac (Francia) -18:00<\/li>\n<li>24-\u00a0<strong>Festival Place aux M\u00f4mes<\/strong>\u00a0&#8211; Arzon (Francia) -21:00<\/li>\n<li>25-\u00a0<strong>Festival Place aux M\u00f4mes\u00a0<\/strong>&#8211; Perros -Guirec (Francia) -17:00<\/li>\n<li>26-\u00a0<strong>Festival Place aux M\u00f4mes<\/strong>\u00a0&#8211; Land\u00e9da (Francia) -18:30<\/li>\n<li>29-\u00a0<strong>Festival Place aux M\u00f4mes<\/strong>\u00a0&#8211; Plougasnou (Francia) -18:30<\/li>\n<li>30-\u00a0<strong>Festival Place aux M\u00f4mes<\/strong>\u00a0&#8211; Binic (Francia) -17:30<\/li>\n<li>31-\u00a0<strong>Festival Place aux M\u00f4mes<\/strong>\u00a0&#8211; Cancale (Francia) -18:00<\/li>\n<\/ul>\n<h2><strong>Agosto<\/strong><\/h2>\n<ul>\n<li>01-\u00a0<strong>Festival Place aux M\u00f4mes\u00a0<\/strong>&#8211; Pl\u00e9neuf Val Andr\u00e9 (Francia) -17:30<\/li>\n<li>02-\u00a0<strong>Festival Place aux M\u00f4mes<\/strong>\u00a0&#8211; Saint Cast (Francia) -18:00<\/li>\n<li>03-\u00a0<strong>Festival StraPatZen<\/strong>\u00a0\u2013 Sint-Peters-Leeuw-(B\u00e9lgica) x2<\/li>\n<li>04-\u00a0<strong>Festival StraPatZen\u00a0<\/strong>\u2013 Wambeek \u2013Ternat (B\u00e9lgica) x2<\/li>\n<li>15-\u00a0<strong>Festival Park Op Stelten<\/strong>\u00a0\u2013 Diksmuide (B\u00e9lgica) x2<\/li>\n<li>22-\u00a0<strong>Festival des M\u00f4mes<\/strong>\u00a0\u2013 Montb\u00e9liard (Francia) &#8211; 14:00<\/li>\n<\/ul>\n<h2><strong>Septiembre<\/strong><\/h2>\n<ul>\n<li>06 &#8211;\u00a0<strong>Festival des Arts de la Rue de Sainte Savine<\/strong>\u00a0(Francia) -20:00<\/li>\n<li>07 &#8211;\u00a0<strong>Festival des Arts de la Rue de Sainte Savine<\/strong>\u00a0(Francia) -20:30<\/li>\n<li>21-\u00a0<strong>Festival Cergy, Soit !<\/strong> ( Francia) &#8211; 15:30<\/li>\n<li>21-\u00a0<strong>Festival Cergy, Soit !<\/strong> ( Francia) &#8211; 19:15<\/li>\n<li>22-\u00a0<strong>Festival Cergy, Soit !<\/strong> ( Francia) &#8211; 16:45<\/li>\n<li>22-\u00a0<strong>Festival Cergy, Soit !<\/strong> ( Francia) &#8211; 19:00<\/li>\n<\/ul>\n<\/div><div class=\"fusion-clearfix\"><\/div><\/div><\/div><\/div><\/div>\n","protected":false},"excerpt":{"rendered":"","protected":false},"author":3,"featured_media":0,"parent":0,"menu_order":0,"comment_status":"closed","ping_status":"closed","template":"","meta":{"footnotes":""},"class_list":["post-22532","page","type-page","status-publish","hentry"],"yoast_head":"<!-- This site is optimized with the Yoast SEO plugin v28.4 - https:\/\/yoast.com\/product\/yoast-seo-wordpress\/ -->\n<title>Gira d&#039; Estiu - Gromic Visual Comedy<\/title>\n<meta name=\"robots\" content=\"index, follow, max-snippet:-1, max-image-preview:large, max-video-preview:-1\" \/>\n<link rel=\"canonical\" href=\"https:\/\/www.gromic.eu\/ca\/summer-tour\/\" \/>\n<meta property=\"og:locale\" content=\"ca_ES\" \/>\n<meta property=\"og:type\" content=\"article\" \/>\n<meta property=\"og:title\" content=\"Gira d&#039; Estiu - Gromic Visual Comedy\" \/>\n<meta property=\"og:url\" content=\"https:\/\/www.gromic.eu\/ca\/summer-tour\/\" \/>\n<meta property=\"og:site_name\" content=\"Gromic Visual Comedy\" \/>\n<meta property=\"article:modified_time\" content=\"2019-09-04T20:16:55+00:00\" \/>\n<meta name=\"twitter:label1\" content=\"Temps estimat de lectura\" \/>\n\t<meta name=\"twitter:data1\" content=\"3 minuts\" \/>\n<script type=\"application\/ld+json\" class=\"yoast-schema-graph\">{\"@context\":\"https:\\\/\\\/schema.org\",\"@graph\":[{\"@type\":\"WebPage\",\"@id\":\"https:\\\/\\\/www.gromic.eu\\\/ca\\\/summer-tour\\\/\",\"url\":\"https:\\\/\\\/www.gromic.eu\\\/ca\\\/summer-tour\\\/\",\"name\":\"Gira d' Estiu - Gromic Visual Comedy\",\"isPartOf\":{\"@id\":\"https:\\\/\\\/www.gromic.eu\\\/ca\\\/#website\"},\"datePublished\":\"2019-06-13T09:14:24+00:00\",\"dateModified\":\"2019-09-04T20:16:55+00:00\",\"breadcrumb\":{\"@id\":\"https:\\\/\\\/www.gromic.eu\\\/ca\\\/summer-tour\\\/#breadcrumb\"},\"inLanguage\":\"ca\",\"potentialAction\":[{\"@type\":\"ReadAction\",\"target\":[\"https:\\\/\\\/www.gromic.eu\\\/ca\\\/summer-tour\\\/\"]}]},{\"@type\":\"BreadcrumbList\",\"@id\":\"https:\\\/\\\/www.gromic.eu\\\/ca\\\/summer-tour\\\/#breadcrumb\",\"itemListElement\":[{\"@type\":\"ListItem\",\"position\":1,\"name\":\"Portada\",\"item\":\"https:\\\/\\\/www.gromic.eu\\\/ca\\\/\"},{\"@type\":\"ListItem\",\"position\":2,\"name\":\"Gira d&#8217; Estiu\"}]},{\"@type\":\"WebSite\",\"@id\":\"https:\\\/\\\/www.gromic.eu\\\/ca\\\/#website\",\"url\":\"https:\\\/\\\/www.gromic.eu\\\/ca\\\/\",\"name\":\"Gromic Visual Comedy\",\"description\":\"Gromic Visual Comedy\",\"potentialAction\":[{\"@type\":\"SearchAction\",\"target\":{\"@type\":\"EntryPoint\",\"urlTemplate\":\"https:\\\/\\\/www.gromic.eu\\\/ca\\\/?s={search_term_string}\"},\"query-input\":{\"@type\":\"PropertyValueSpecification\",\"valueRequired\":true,\"valueName\":\"search_term_string\"}}],\"inLanguage\":\"ca\"}]}<\/script>\n<!-- \/ Yoast SEO plugin. -->","yoast_head_json":{"title":"Gira d' Estiu - Gromic Visual Comedy","robots":{"index":"index","follow":"follow","max-snippet":"max-snippet:-1","max-image-preview":"max-image-preview:large","max-video-preview":"max-video-preview:-1"},"canonical":"https:\/\/www.gromic.eu\/ca\/summer-tour\/","og_locale":"ca_ES","og_type":"article","og_title":"Gira d' Estiu - Gromic Visual Comedy","og_url":"https:\/\/www.gromic.eu\/ca\/summer-tour\/","og_site_name":"Gromic Visual Comedy","article_modified_time":"2019-09-04T20:16:55+00:00","twitter_misc":{"Temps estimat de lectura":"3 minuts"},"schema":{"@context":"https:\/\/schema.org","@graph":[{"@type":"WebPage","@id":"https:\/\/www.gromic.eu\/ca\/summer-tour\/","url":"https:\/\/www.gromic.eu\/ca\/summer-tour\/","name":"Gira d' Estiu - Gromic Visual Comedy","isPartOf":{"@id":"https:\/\/www.gromic.eu\/ca\/#website"},"datePublished":"2019-06-13T09:14:24+00:00","dateModified":"2019-09-04T20:16:55+00:00","breadcrumb":{"@id":"https:\/\/www.gromic.eu\/ca\/summer-tour\/#breadcrumb"},"inLanguage":"ca","potentialAction":[{"@type":"ReadAction","target":["https:\/\/www.gromic.eu\/ca\/summer-tour\/"]}]},{"@type":"BreadcrumbList","@id":"https:\/\/www.gromic.eu\/ca\/summer-tour\/#breadcrumb","itemListElement":[{"@type":"ListItem","position":1,"name":"Portada","item":"https:\/\/www.gromic.eu\/ca\/"},{"@type":"ListItem","position":2,"name":"Gira d&#8217; Estiu"}]},{"@type":"WebSite","@id":"https:\/\/www.gromic.eu\/ca\/#website","url":"https:\/\/www.gromic.eu\/ca\/","name":"Gromic Visual Comedy","description":"Gromic Visual Comedy","potentialAction":[{"@type":"SearchAction","target":{"@type":"EntryPoint","urlTemplate":"https:\/\/www.gromic.eu\/ca\/?s={search_term_string}"},"query-input":{"@type":"PropertyValueSpecification","valueRequired":true,"valueName":"search_term_string"}}],"inLanguage":"ca"}]}},"_links":{"self":[{"href":"https:\/\/www.gromic.eu\/ca\/wp-json\/wp\/v2\/pages\/22532","targetHints":{"allow":["GET"]}}],"collection":[{"href":"https:\/\/www.gromic.eu\/ca\/wp-json\/wp\/v2\/pages"}],"about":[{"href":"https:\/\/www.gromic.eu\/ca\/wp-json\/wp\/v2\/types\/page"}],"author":[{"embeddable":true,"href":"https:\/\/www.gromic.eu\/ca\/wp-json\/wp\/v2\/users\/3"}],"replies":[{"embeddable":true,"href":"https:\/\/www.gromic.eu\/ca\/wp-json\/wp\/v2\/comments?post=22532"}],"version-history":[{"count":0,"href":"https:\/\/www.gromic.eu\/ca\/wp-json\/wp\/v2\/pages\/22532\/revisions"}],"wp:attachment":[{"href":"https:\/\/www.gromic.eu\/ca\/wp-json\/wp\/v2\/media?parent=22532"}],"curies":[{"name":"wp","href":"https:\/\/api.w.org\/{rel}","templated":true}]}}

<div class="fusion-fullwidth fullwidth-box fusion-builder-row-1 nonhundred-percent-fullwidth non-hundred-percent-height-scrolling" style="--awb-border-radius-top-left:0px;--awb-border-radius-top-right:0px;--awb-border-radius-bottom-right:0px;--awb-border-radius-bottom-left:0px;--awb-flex-wrap:wrap;" ><div class="fusion-builder-row fusion-row"><div class="fusion-layout-column fusion_builder_column fusion-builder-column-0 fusion_builder_column_1_1 1_1 fusion-one-full fusion-column-first fusion-column-last" style="--awb-bg-size:cover;"><div class="fusion-column-wrapper fusion-column-has-shadow fusion-flex-column-wrapper-legacy"><div class="fusion-text fusion-text-1"><h1 style="text-align: center;">Gira d&#8217;Estiu 2019</h1>
<h2><strong>Junio</strong></h2>
<ul>
<li>15- <strong>Festival Diabolo &#8211; </strong>Morges (Suiza) – 12:45 + 15:00</li>
<li>16- <strong>Festival Diabolo &#8211; </strong>Morges (Suiza) &#8211; 12:45 + 15:00</li>
<li>23- <strong>Festival Néofolies</strong> – Neuves-Maisons (Francia) -14:30 + 17:00</li>
<li>28- <strong>Évènement privé</strong> &#8211; De Haan-(Bélgica) &#8211; 14:30</li>
<li>30- <strong>Festival Clownmania</strong> -Genappe-(Bélgica) -18:00</li>
</ul>
<h2><strong>Julio</strong></h2>
<ul>
<li>08- <strong>Festival Place aux Mômes</strong> -Plouescat (Francia) -18:00</li>
<li>09- <strong>Festival Place aux Mômes </strong>&#8211; Fouesnant (Francia) -18:30</li>
<li>10- <strong>Festival Place aux Mômes </strong>&#8211; Névez (Francia) -18:00</li>
<li>11- <strong>Festival Place aux Mômes </strong>&#8211; Saint Quay (Francia) -17:30</li>
<li>12- <strong>Festival Place aux Mômes </strong>&#8211; Erquy (Francia) -16:30</li>
<li>15- <strong>Festival Place aux Mômes </strong>&#8211; Trébeurden (Francia) -:18:00</li>
<li>16- <strong>Festival Place aux Mômes </strong>&#8211; Le Guilvinec (Francia) -17:30</li>
<li>17- <strong>Festival Place aux Mômes </strong>&#8211; Roscoff (Francia) -18:00</li>
<li>18- <strong>Festival Place aux Mômes </strong>&#8211; Carantec (Francia) -18:30</li>
<li>22- <strong>Festival Place aux Mômes &#8211;</strong> Pénestin (Francia) -18:00</li>
<li>23- <strong>Festival Place aux Mômes </strong>&#8211; Carnac (Francia) -18:00</li>
<li>24- <strong>Festival Place aux Mômes</strong> &#8211; Arzon (Francia) -21:00</li>
<li>25- <strong>Festival Place aux Mômes </strong>&#8211; Perros -Guirec (Francia) -17:00</li>
<li>26- <strong>Festival Place aux Mômes</strong> &#8211; Landéda (Francia) -18:30</li>
<li>29- <strong>Festival Place aux Mômes</strong> &#8211; Plougasnou (Francia) -18:30</li>
<li>30- <strong>Festival Place aux Mômes</strong> &#8211; Binic (Francia) -17:30</li>
<li>31- <strong>Festival Place aux Mômes</strong> &#8211; Cancale (Francia) -18:00</li>
</ul>
<h2><strong>Agosto</strong></h2>
<ul>
<li>01- <strong>Festival Place aux Mômes </strong>&#8211; Pléneuf Val André (Francia) -17:30</li>
<li>02- <strong>Festival Place aux Mômes</strong> &#8211; Saint Cast (Francia) -18:00</li>
<li>03- <strong>Festival StraPatZen</strong> – Sint-Peters-Leeuw-(Bélgica) x2</li>
<li>04- <strong>Festival StraPatZen </strong>– Wambeek –Ternat (Bélgica) x2</li>
<li>15- <strong>Festival Park Op Stelten</strong> – Diksmuide (Bélgica) x2</li>
<li>22- <strong>Festival des Mômes</strong> – Montbéliard (Francia) &#8211; 14:00</li>
</ul>
<h2><strong>Septiembre</strong></h2>
<ul>
<li>06 &#8211; <strong>Festival des Arts de la Rue de Sainte Savine</strong> (Francia) -20:00</li>
<li>07 &#8211; <strong>Festival des Arts de la Rue de Sainte Savine</strong> (Francia) -20:30</li>
<li>21- <strong>Festival Cergy, Soit !</strong> ( Francia) &#8211; 15:30</li>
<li>21- <strong>Festival Cergy, Soit !</strong> ( Francia) &#8211; 19:15</li>
<li>22- <strong>Festival Cergy, Soit !</strong> ( Francia) &#8211; 16:45</li>
<li>22- <strong>Festival Cergy, Soit !</strong> ( Francia) &#8211; 19:00</li>
</ul>
</div><div class="fusion-clearfix"></div></div></div></div></div>
